 -7. Suppose c = k + 2*k - 72. What are the prime factors of k?
2, 3
Let d = -35 - -70. List the prime factors of d.
5, 7
Let l be (-4)/(-18) + (-122)/(-18). Suppose -4*h - 44 = -196. Suppose 5*p - h = l. List the prime factors of p.
3
Let p be (1/4)/(6/24). Let q be p/(-2)*-2*-5. List the prime factors of q/(10/(-4)) - -9.
11
Let t(k) be the third derivative of 1/6*k**3 + 7/60*k**5 - 1/24*k**4 + 0*k + 3*k**2 + 0. What are the prime factors of t(1)?
7
Let c = -44 + 81. List the prime factors of c.
37
Let s be -2 - (-1 - (-3 - -4)). Suppose s = -5*h - 4*p + 87, 0*h - 5*p - 60 = -5*h. What are the prime factors of h?
3, 5
Let p(i) = 3*i**2 + 7*i - 17. What are the prime factors of p(9)?
17
Suppose -38 = -a + 97. What are the prime factors of a?
3, 5
Let h = -1 + 6. Suppose h = 2*v - 7. List the prime factors of 26/6 + (-2)/v.
2
Let p = 2 - -1. What are the prime factors of p?
3
Suppose -2*y - 2*y - 4*s + 24 = 0, -3*y = -3*s - 18. Let a = y - -8. List the prime factors of a.
2, 7
Let b(j) = 2*j - 7. Let u be b(5). Suppose 5*s = -4*l + 20, 4*l = u*l - 5*s + 20. Suppose -4*a - a + 25 = l. What are the prime factors of a?
5
Let l be (-22)/(-10) - 5/25. Suppose -6*p - 8 = -l*p. What are the prime factors of (-2)/(12/33)*p?
11
Let g(o) be the second derivative of 49*o**4/12 + o**3/6 - 3*o. Let h be g(-1). Suppose 0 = 4*f - 0*f - h. List the prime factors of f.
2, 3
Suppose 6*x = 2*x + 44. List the prime factors of x.
11
Let z be 2/(-2)*3 + 3. Suppose 9*h - r - 64 = 4*h, z = -5*h + 3*r + 62. List the prime factors of h.
13
Let h(v) = v**3 - 4*v**2 - 5*v + 4. Let o(b) = -b - 2. Let d be o(-7). List the prime factors of h(d).
2
Suppose -2*u + 6*z = 5*z - 158, z = 2. Let s = -51 + u. What are the prime factors of s?
29
What are the prime factors of ((-7569)/116)/((-1)/4)?
3, 29
Let n(j) = -j**2 + 9*j + 4. Let h be n(9). Suppose 3*f = h*f - 2. List the prime factors of (7/1 + f)*1.
3
Suppose -6*v - 4*x = -2*v - 232, 0 = -v + 2*x + 64. What are the prime factors of v?
2, 3, 5
Suppose 3*x + 7 = 4. Suppose 3*w = 3*v, 3*w + 5*v - 2 - 14 = 0. Let o = w - x. List the prime factors of o.
3
Let l(q) = -2*q**3 - 2*q**2 + 2*q. Let k be l(-2). Let m = k - -2. List the prime factors of m.
2, 3
Suppose -4*g + 154 = -46. Suppose -4*u - 2*c = -g, c + 18 = 4*u - 29. What are the prime factors of u?
2, 3
Let v(i) = -i + 1. What are the prime factors of v(-3)?
2
Suppose -3*f + 21 - 6 = 0. Suppose i + 2*s - 4*s - 8 = 0, 0 = 5*i + f*s + 5. What are the prime factors of i?
2
Suppose c = k - 1, 3*k - 35 = -5*c - 2*k. Suppose -c*w = -6*w. Suppose 0 = -w*m - 3*m + 42. List the prime factors of m.
2, 7
Let n(q) be the first derivative of 2*q**3/3 + q**2/2 + q + 5. What are the prime factors of n(-3)?
2
Let u(m) = -6*m - 16. Let h(z) = 3*z + 8. Let b(x) = -5*h(x) - 2*u(x). Let k be b(-6). Suppose 2*p - 7*p = -k. List the prime factors of p.
2
Let o(m) = -6*m - 8. What are the prime factors of o(-6)?
2, 7
Suppose 3*i = -2*m - m - 9, -5*i + m + 15 = 0. Let x = i - -7. List the prime factors of x.
3
Let z be (2 + -6)/(-2) + 2. Let p = z - -1. Let q = 5 + p. List the prime factors of q.
2, 5
Let v(u) = 23*u**3 + 4*u**2 - 8*u + 7. What are the prime factors of v(2)?
191
Let s(q) = -3 + 5 + 5 - 5*q - 3. Let g be s(6). What are the prime factors of g*((-15)/6)/5?
13
Let y(s) = -7*s + 3. What are the prime factors of y(-8)?
59
Suppose -4*s = -m + 3*m + 8, -5*m = -2*s - 16. Suppose m*n - 145 = -3*n. What are the prime factors of n?
29
Suppose 4*h = -h - 650. List the prime factors of h/(-14) + 22/(-77).
3
Let h(n) be the second derivative of 1/6*n**4 + 0 + 5/6*n**3 + n**2 - n. What are the prime factors of h(-4)?
2, 7
Suppose -a - 3*a = 0. Suppose a*c - 80 = -5*c. List the prime factors of c.
2
Let l = -2 + 1. List the prime factors of 184/12 + l/3.
3, 5
Let p(h) = -10*h - 47. What are the prime factors of p(-15)?
103
Let f be 4/3*(-35 - -2). Let d be f/10 - 3/5. Let g(u) = u**2 + 4*u + 3. List the prime factors of g(d).
2
Suppose 0 = z - 4*o + 3, 4*z + 4*o - 9 = -z. Suppose -g - z = 1. What are the prime factors of (g + 1)/(2/(-22))?
11
Suppose 2*m - 6*m = -12. Suppose 4*y - 1 = 3*s + 2, 0 = -2*s - y + 9. Suppose s*a + m*q - 19 = 5*q, 2*a + 2*q - 6 = 0. What are the prime factors of a?
5
Suppose n = -0*n + 36. Let b = n - -17. Suppose 0 = k - 4, 3*f + 3*k + 11 = b. List the prime factors of f.
2, 5
Let f be (-3*(-2)/(-3))/2. Let t = 8 - f. List the prime factors of t.
3
Let b be (-117)/(-6) + 3/(-6). Suppose 3*l + 4 = b. List the prime factors of l.
5
Suppose 0 = 2*v - 22 - 6. List the prime factors of v.
2, 7
Let u(s) = s**3 - 2*s**2 - 3*s + 4. Let w be u(3). Suppose -w*g + 36 = -44. List the prime factors of g.
2, 5
Let h(m) = -m**2 - m - 2. Let l(w) = -w**2 - 2*w - 1. Let b(u) = -3*h(u) + 4*l(u). What are the prime factors of b(-4)?
2, 3
Let v(m) = -m**2 - 10*m - 5. Let w be v(-9). Suppose 3*c + h - w = 0, -2*c - 3*c - 3*h = 0. What are the prime factors of c?
3
Suppose -20 = -5*h + 20. List the prime factors of (-51)/6*h/(-2).
2, 17
Let q = -6 + 12. Suppose -4*u = -u - q. List the prime factors of (-4)/5*(-15)/u.
2, 3
Let l = 13 + 211. What are the prime factors of l/22 - (-10)/(-55)?
2, 5
Let c(z) = z**3 - 6*z**2 + 7*z - 3. Suppose 3*k - 4*k + 5 = 0. List the prime factors of c(k).
7
Let d(z) = -z**2 - 4*z + 5. Let n be (2 + -1)*(-2 + -2). List the prime factors of d(n).
5
Let f(i) = -i**3 + 2*i**3 + 1 + 9. Let g be f(0). Suppose -g = -5*x, 4*n - 2*n + 4*x = 18. List the prime factors of n.
5
Let g(f) = 2*f**3 - 2*f**2 + 2*f + 4. List the prime factors of g(5).
2, 107
Suppose 5*d - 25 = 30. Let i(f) = -f - 7. Let k(c) = -4*c - 35. Let o(m) = d*i(m) - 2*k(m). What are the prime factors of o(-6)?
11
Let t = 36 + 15. What are the prime factors of t?
3, 17
Let g(p) = -p**2 + 6*p - 3. Let m be g(5). Suppose 0 = 5*k + 2*x - 49, 6*k - m*x = k + 61. Suppose -4*h + 71 = k. What are the prime factors of h?
3, 5
Suppose 0 = 10*t - 698 - 582. What are the prime factors of t?
2
Let r(j) = j**2 + 5*j - 2. What are the prime factors of r(-6)?
2
Let o = 31 + -11. Suppose 40 = 5*k - o. Let n = k + -4. List the prime factors of n.
2
Let f(n) = -2*n + n**2 - 2*n + 0*n**2 + 3 + 0*n. Let p be f(6). What are the prime factors of 117/p + (-1)/(-5)?
2
Let l be (-10)/10 + (-6)/(-2). Suppose 0 = -3*z + l*z + 17. List the prime factors of z.
17
Suppose -71 = -3*o - 4*a, 4*a + 101 = 5*o + 2*a. Let n = -17 + o. What are the prime factors of n?
2
Let i = 12 - 10. Suppose -k = -4*u + 99, -3*u = -i*k - 0*k - 78. What are the prime factors of u?
2, 3
Suppose 39 = 3*j + k, 6*k - 63 = -5*j + 5*k. Let z = j + 3. What are the prime factors of z?
3, 5
Let f(i) = -i**2 + 5*i. Let g be f(5). Let u be (-5)/(10/(-52)) - -1. Suppose 4*n - u - 17 = g. What are the prime factors of n?
11
Let y(c) = c**3 - 7*c**2 + 8*c - 8. Let z be y(6). Suppose 4*r = u + 57, 2*r - z*u - u = 15. What are the prime factors of r?
3, 5
Let c = -28 - -16. Let d be c/(-18) - (-8)/6. Suppose 0*i + d = -i, 2*h = 4*i + 32. What are the prime factors of h?
2, 3
Suppose 3*g + 2*g - 246 = -3*n, -4*g + 3*n + 213 = 0. What are the prime factors of g?
3, 17
Let k(o) = o. Let g be k(-4). Let w = -1 - g. List the prime factors of w.
3
Let k(c) = 0*c**2 + 4 + 0*c + 2*c**2 + 4*c. Let s = -12 + 9. List the prime factors of k(s).
2, 5
Let i(k) = 3*k**2 + 6*k - 14. What are the prime factors of i(-6)?
2, 29
Let s be (392/16)/((-1)/(-2)). Let n = s - 27. What are the prime factors of n?
2, 11
Suppose -9 = -4*d + 5*s - 1, -2*d + 18 = s. List the prime factors of d.
7
Suppose 0 = -0*t + 3*t + 5*m - 26, -2*t = -4*m + 12. Suppose -t*n + 5 = o, -2*n + 15 = 4*o - 5. What are the prime factors of o?
5
Suppose v - 5*v = -8, 0 = -3*y - 4*v + 14. Suppose 0*m - 31 = -3*p + y*m, -2*p = 2*m - 14. What are the prime factors of p?
3
Suppose -4*o + 39 + 29 = 0. List the prime factors of o.
17
Let l(w) = w**2 - 6*w - 7. Let n be l(7). Let r(g) = g**3 + g + 28. List the prime factors of r(n).
2, 7
Let a be 1 - 1 - -6 - 0. Let v = a + -11. Let h = 9 + v. What are the prime factors of h?
2
Suppose 281 = -2*j + 4*j - 3*c, -3*c + 118 = j. What are the prime factors of j?
7, 19
Let j be (-20)/3 - (-8)/12. Let h(y) = -y + 8. What are the prime factors of h(j)?
2, 7
Suppose -17 = 4*q + 